{"id":1066,"date":"2022-04-18T16:00:17","date_gmt":"2022-04-18T22:00:17","guid":{"rendered":"https:\/\/www.tecnogolfshop.mx\/producto\/66666001\/"},"modified":"2025-04-24T13:42:56","modified_gmt":"2025-04-24T19:42:56","slug":"66666001","status":"publish","type":"product","link":"https:\/\/www.tecnogolf.mx\/tienda\/producto\/66666001\/","title":{"rendered":"Pelotas Volvik Vimat Rosas (Docena)"},"content":{"rendered":"<p>GOLFISTAS PRINCIPIANTES Y DE NIVEL MEDIO<br \/>\nTacto suave \u00f3ptimo con una compresi\u00f3n baja de 55<br \/>\nEl vuelo de bola es consistente y estable por icosidodecaedro 372 hoyuelos patr\u00f3n<br \/>\nDistancia m\u00e1xima mejorada de giro inicial del conductor bajo<br \/>\nSensaci\u00f3n de control mejorado de la bola y giro alrededor de los verdes<\/p>\n","protected":false},"excerpt":{"rendered":"<p>GOLFISTAS PRINCIPIANTES Y DE NIVEL MEDIO Tacto suave \u00f3ptimo con una compresi\u00f3n baja de 55 El vuelo de bola es consistente y estable por icosidodecaedro 372 hoyuelos patr\u00f3n Distancia m\u00e1xima mejorada de giro inicial del conductor bajo Sensaci\u00f3n de control mejorado de la bola y giro alrededor de los verdes<\/p>\n","protected":false},"featured_media":2979,"template":"","meta":[],"product_brand":[],"product_cat":[17],"product_tag":[27],"class_list":{"0":"post-1066","1":"product","2":"type-product","3":"status-publish","4":"has-post-thumbnail","6":"product_cat-pelotas","7":"product_tag-10mayo2022","9":"first","10":"instock","11":"taxable","12":"shipping-taxable","13":"purchasable","14":"product-type-simple"},"_links":{"self":[{"href":"https:\/\/www.tecnogolf.mx\/tienda\/wp-json\/wp\/v2\/product\/1066","targetHints":{"allow":["GET"]}}],"collection":[{"href":"https:\/\/www.tecnogolf.mx\/tienda\/wp-json\/wp\/v2\/product"}],"about":[{"href":"https:\/\/www.tecnogolf.mx\/tienda\/wp-json\/wp\/v2\/types\/product"}],"wp:featuredmedia":[{"embeddable":true,"href":"https:\/\/www.tecnogolf.mx\/tienda\/wp-json\/wp\/v2\/media\/2979"}],"wp:attachment":[{"href":"https:\/\/www.tecnogolf.mx\/tienda\/wp-json\/wp\/v2\/media?parent=1066"}],"wp:term":[{"taxonomy":"product_brand","embeddable":true,"href":"https:\/\/www.tecnogolf.mx\/tienda\/wp-json\/wp\/v2\/product_brand?post=1066"},{"taxonomy":"product_cat","embeddable":true,"href":"https:\/\/www.tecnogolf.mx\/tienda\/wp-json\/wp\/v2\/product_cat?post=1066"},{"taxonomy":"product_tag","embeddable":true,"href":"https:\/\/www.tecnogolf.mx\/tienda\/wp-json\/wp\/v2\/product_tag?post=1066"}],"curies":[{"name":"wp","href":"https:\/\/api.w.org\/{rel}","templated":true}]}}