{"id":376,"date":"2022-03-07T14:03:39","date_gmt":"2022-03-07T20:03:39","guid":{"rendered":"https:\/\/www.tecnogolfshop.mx\/producto\/tee-4-yards-more-medida-1-3-4\/"},"modified":"2026-03-04T17:41:22","modified_gmt":"2026-03-04T23:41:22","slug":"tee-4-yards-more-medida-1-3-4","status":"publish","type":"product","link":"https:\/\/www.tecnogolf.mx\/tienda\/producto\/tee-4-yards-more-medida-1-3-4\/","title":{"rendered":"Green Keepers 4 Yards More Tees"},"content":{"rendered":"<p>TEE 4 YARDS MORE MEDIDA 1 3\/4<\/p>\n<ul>\n<li class=\"a-spacing-mini\"><span class=\"a-list-item\">Corona din\u00e1mica de elast\u00f3mero<\/span><\/li>\n<li class=\"a-spacing-mini\"><span class=\"a-list-item\">Permite menos fricci\u00f3n, giro bajo de bola, lo que resulta en unidades m\u00e1s largas.<\/span><\/li>\n<li class=\"a-spacing-mini\"><span class=\"a-list-item\">El medidor de altura permite una profundidad consistente en T.<\/span><\/li>\n<li class=\"a-spacing-mini\"><span class=\"a-list-item\">Estaca de pol\u00edmero r\u00edgido.<\/span><\/li>\n<li class=\"a-spacing-mini\"><span class=\"a-list-item\">Las pruebas rob\u00f3ticas y de campo muestran una distancia mejorada.<\/span><\/li>\n<\/ul>\n","protected":false},"excerpt":{"rendered":"<p>TEE 4 YARDS MORE MEDIDA 1 3\/4 Corona din\u00e1mica de elast\u00f3mero Permite menos fricci\u00f3n, giro bajo de bola, lo que resulta en unidades m\u00e1s largas. El medidor de altura permite una profundidad consistente en T. Estaca de pol\u00edmero r\u00edgido. Las pruebas rob\u00f3ticas y de campo muestran una distancia mejorada.<\/p>\n","protected":false},"featured_media":2968,"template":"","meta":[],"product_brand":[],"product_cat":[30],"product_tag":[],"class_list":{"0":"post-376","1":"product","2":"type-product","3":"status-publish","4":"has-post-thumbnail","6":"product_cat-tees","8":"first","9":"instock","10":"taxable","11":"shipping-taxable","12":"purchasable","13":"product-type-simple"},"_links":{"self":[{"href":"https:\/\/www.tecnogolf.mx\/tienda\/wp-json\/wp\/v2\/product\/376","targetHints":{"allow":["GET"]}}],"collection":[{"href":"https:\/\/www.tecnogolf.mx\/tienda\/wp-json\/wp\/v2\/product"}],"about":[{"href":"https:\/\/www.tecnogolf.mx\/tienda\/wp-json\/wp\/v2\/types\/product"}],"wp:featuredmedia":[{"embeddable":true,"href":"https:\/\/www.tecnogolf.mx\/tienda\/wp-json\/wp\/v2\/media\/2968"}],"wp:attachment":[{"href":"https:\/\/www.tecnogolf.mx\/tienda\/wp-json\/wp\/v2\/media?parent=376"}],"wp:term":[{"taxonomy":"product_brand","embeddable":true,"href":"https:\/\/www.tecnogolf.mx\/tienda\/wp-json\/wp\/v2\/product_brand?post=376"},{"taxonomy":"product_cat","embeddable":true,"href":"https:\/\/www.tecnogolf.mx\/tienda\/wp-json\/wp\/v2\/product_cat?post=376"},{"taxonomy":"product_tag","embeddable":true,"href":"https:\/\/www.tecnogolf.mx\/tienda\/wp-json\/wp\/v2\/product_tag?post=376"}],"curies":[{"name":"wp","href":"https:\/\/api.w.org\/{rel}","templated":true}]}}